653
What are the prime factors of 1610654?
2, 805327
List the prime factors of 1276980.
2, 3, 5, 21283
What are the prime factors of 35592540?
2, 3, 5, 593209
What are the prime factors of 5120472?
2, 3, 7, 29, 1051
List the prime factors of 612727.
612727
List the prime factors of 21486010.
2, 5, 7, 13, 3373
List the prime factors of 586206.
2, 3, 29, 1123
What are the prime factors of 82756?
2, 17, 1217
What are the prime factors of 220723?
19, 11617
List the prime factors of 1034015.
5, 206803
What are the prime factors of 4339405?
5, 7, 123983
List the prime factors of 807582.
2, 3, 134597
What are the prime factors of 2522038?
2, 83, 15193
What are the prime factors of 1513817?
307, 4931
List the prime factors of 316110.
2, 3, 5, 41, 257
What are the prime factors of 88810?
2, 5, 83, 107
List the prime factors of 10620814.
2, 251, 21157
List the prime factors of 906097.
829, 1093
What are the prime factors of 681671?
71, 9601
List the prime factors of 1601177.
29, 55213
List the prime factors of 2118611.
11, 192601
List the prime factors of 537050.
2, 5, 23, 467
What are the prime factors of 141384?
2, 3, 43, 137
List the prime factors of 4908706.
2, 11, 23, 89, 109
List the prime factors of 1217911.
47, 25913
List the prime factors of 2286771.
3, 762257
List the prime factors of 13782443.
2549, 5407
List the prime factors of 1110212.
2, 433, 641
What are the prime factors of 317282?
2, 7, 131, 173
List the prime factors of 11777123.
103, 109, 1049
List the prime factors of 5476784.
2, 342299
What are the prime factors of 4071684?
2, 3, 339307
What are the prime factors of 21407181?
3, 23, 557
List the prime factors of 347921.
7, 23, 2161
List the prime factors of 136941.
3, 7, 6521
List the prime factors of 2604614.
2, 59, 22073
List the prime factors of 350379.
3, 19, 683
List the prime factors of 413075.
5, 13, 31, 41
List the prime factors of 11421744.
2, 3, 149, 1597
List the prime factors of 106590.
2, 3, 5, 11, 17, 19
What are the prime factors of 19226363?
13, 181, 8171
What are the prime factors of 16076679?
3, 17, 19, 47, 353
List the prime factors of 25935435.
3, 5, 443, 1301
List the prime factors of 378674.
2, 189337
List the prime factors of 200930.
2, 5, 71, 283
What are the prime factors of 159146?
2, 13, 6121
List the prime factors of 1291234.
2, 7, 149, 619
List the prime factors of 1399356.
2, 3, 7, 617
List the prime factors of 431037.
3, 47, 1019
What are the prime factors of 52275?
3, 5, 17, 41
What are the prime factors of 100229?
73, 1373
List the prime factors of 299135.
5, 29, 2063
What are the prime factors of 1580549?
101, 15649
List the prime factors of 5574.
2, 3, 929
List the prime factors of 2561499.
3, 31, 9181
List the prime factors of 7730079.
3, 7, 368099
List the prime factors of 296027.
296027
List the prime factors of 1694514.
2, 3, 109, 2591
What are the prime factors of 195614?
2, 47, 2081
What are the prime factors of 9447846?
2, 3, 47, 33503
What are the prime factors of 15607341?
3, 19, 107, 853
What are the prime factors of 162950?
2, 5, 3259
What are the prime factors of 4298233?
4298233
List the prime factors of 771943.
101, 7643
List the prime factors of 5112540.
2, 3, 5, 28403
List the prime factors of 255977.
255977
What are the prime factors of 1644721?
13, 126517
What are the prime factors of 350073?
3, 97, 401
What are the prime factors of 2649826?
2, 1324913
What are the prime factors of 6243730?
2, 5, 67, 9319
What are the prime factors of 628669?
131, 4799
What are the prime factors of 111182?
2, 23, 2417
List the prime factors of 586196.
2, 13, 11273
List the prime factors of 11513341.
7, 73, 22531
List the prime factors of 401007.
3, 133669
List the prime factors of 5570675.
5, 11, 47, 431
What are the prime factors of 3676179?
3, 13, 94261
List the prime factors of 3674158.
2, 23, 79873
List the prime factors of 17535056.
2, 7, 11, 43, 331
What are the prime factors of 2010331?
47, 42773
What are the prime factors of 672820?
2, 5, 33641
List the prime factors of 23321376.
2, 3, 13, 6229
What are the prime factors of 8236?
2, 29, 71
List the prime factors of 2434495.
5, 7, 69557
What are the prime factors of 409661?
7, 43, 1361
List the prime factors of 41322.
2, 3, 71, 97
What are the prime factors of 165805?
5, 33161
What are the prime factors of 1360528?
2, 13, 31, 211
What are the prime factors of 11294873?
19, 594467
List the prime factors of 28056676.
2, 829, 8461
What are the prime factors of 7358095?
5, 1471619
What are the prime factors of 26678608?
2, 11, 29, 5227
List the prime factors of 28254.
2, 3, 17, 277
What are the prime factors of 1528283?
17, 89899
List the prime factors of 493085.
5, 17, 5801
List the prime factors of 9598030.
2, 5, 13, 17, 43, 101
What are the prime factors of 18432768?
2, 3, 24001
What are the prime factors of 21766203?
3, 41, 61, 967
What are the prime factors of 25958?
2, 12979
What are the prime factors of 30790?
2, 5, 3079
What are the prime factors of 316364?
2, 139, 569
What are the prime factors of 166447?
17, 9791
List the prime factors of 1491041.
1491041
What are the prime factors of 1223701?
37, 33073
List the prime factors of 28411940.
2, 5, 109, 13033
List the prime factors of 66239.
66239
What are the prime factors of 8812520?
2, 5, 29, 71, 107
What are the prime factors of 158563?
158563
List the prime factors of 1333984.
2, 41687
What are the prime factors of 96045?
3, 5, 19, 337
List the prime factors of 16931343.
3, 11, 13, 61, 647
What are the prime factors of 1102933?
13, 37, 2293
List the prime factors of 2349049.
61, 97, 397
What are the prime factors of 660488?
2, 82561
List the prime factors of 3214382.
2, 19, 84589
List the prime factors of 11962881.
3, 7, 189887
What are the prime factors of 2087365?
5, 7, 23, 2593
What are the prime factors of 1130876?
2, 269, 1051
List the prime factors of 703168.
2, 10987
What are the prime factors of 35410?
2, 5, 3541
What are the prime factors of 32751?
3, 1213
List the prime factors of 98944.
2, 773
What are the prime factors of 30319813?
1181, 25673
What are the prime factors of 35137781?
7, 53, 1787
What are the prime factors of 8259820?
2, 5, 167, 2473
List the prime factors of 6536459.
173, 37783
What are the prime factors of 205466?
2, 19, 5407
What are the prime factors of 5351510?
2, 5, 535151
List the prime factors of 98629.
19, 29, 179
What are the prime factors of 47407?
47407
List the prime factors of 1291052.
2, 7, 941
What are the prime factors of 7778453?
47, 359, 461
List the prime factors of 11532428.
2, 43, 67049
List the prime factors of 43041002.
2, 47, 263, 1741
List the prime factors of 168236.
2, 137, 307
What are the prime factors of 888178?
2, 444089
List the prime factors of 13659439.
13659439
List the prime factors of 313843.
157, 1999
List the prime factors of 259257.
3, 89, 971
List the prime factors of 5714.
2, 2857
What are the prime factors of 14108538?
2, 3, 17, 138319
List the prime factors of 192582.
2, 3, 13, 823
What are the prime factors of 7054325?
5, 97, 2909
List the prime factors of 2610186.
2, 3, 43, 67, 151
List the prime factors of 866014.
2, 17, 25471
What are the prime factors of 457457?
7, 11, 13, 457
List the prime factors of 301808.
2, 13, 1451
List the prime factors of 3765489.
3, 7, 13, 1061
List the prime factors of 1014027.
3, 7, 109, 443
List the prime factors of 324806.
2, 23, 307
What are the prime factors of 1106429?
1106429
List the prime factors of 526678.
2, 71, 3709
What are the prime factors of 512178?
2, 3, 85363
What are the prime factors of 5413542?
2, 3, 827, 1091
What are the prime factors of 36103800?
2, 3, 5, 19, 3167
List the prime factors of 208586.
2, 7, 47, 317
List the prime factors of 201759.
3, 109, 617
List the prime factors of 950885.
5, 13, 14629
What are the prime factors of 155537?
155537
What are the prime factors of 371907?
3, 31, 43
What are the prime factors of 629169?
3, 401, 523
List the prime factors of 2372.
2, 593
List the prime factors of 15186096.
2, 3, 35153
List the prime factors of 6516342.
2, 3, 7, 17239
List the prime factors of 8347684.
2, 137, 15233
What are the prime factors of 1875112?
2, 47, 4987
List the prime factors of 6134919.
3, 7, 389, 751
List the prime factors of 1